e prime factors of 19038149.
13, 47, 31159
List the prime factors of 100781.
31, 3251
What are the prime factors of 9479714?
2, 4739857
List the prime factors of 6170133.
3, 17, 337, 359
What are the prime factors of 44315?
5, 8863
List the prime factors of 35539.
7, 5077
What are the prime factors of 195983?
23, 8521
What are the prime factors of 4947384?
2, 3, 13, 101, 157
What are the prime factors of 345620?
2, 5, 11, 1571
List the prime factors of 977064.
2, 3, 11, 3701
List the prime factors of 6257271.
3, 2085757
What are the prime factors of 522776?
2, 101, 647
What are the prime factors of 11674505?
5, 2334901
List the prime factors of 19017448.
2, 109, 113, 193
List the prime factors of 108141.
3, 11, 29, 113
What are the prime factors of 395043?
3, 11, 11971
List the prime factors of 240143.
23, 53, 197
What are the prime factors of 135637?
135637
What are the prime factors of 246959?
17, 73, 199
List the prime factors of 7062655.
5, 109, 12959
List the prime factors of 106586.
2, 137, 389
List the prime factors of 4503517.
4503517
What are the prime factors of 18409865?
5, 1549, 2377
What are the prime factors of 707810?
2, 5, 37, 1913
What are the prime factors of 196826?
2, 7, 17, 827
What are the prime factors of 10690093?
17, 431, 1459
What are the prime factors of 875542?
2, 437771
List the prime factors of 28681710.
2, 3, 5, 956057
List the prime factors of 12424866.
2, 3, 2070811
List the prime factors of 61004.
2, 101, 151
List the prime factors of 4859903.
43, 113021
List the prime factors of 497041.
497041
What are the prime factors of 50238?
2, 3, 2791
List the prime factors of 489888.
2, 3, 7
List the prime factors of 4296240.
2, 3, 5, 13, 17
List the prime factors of 268787.
17, 97, 163
List the prime factors of 498748.
2, 67, 1861
What are the prime factors of 591761?
61, 89, 109
List the prime factors of 14816734.
2, 7408367
List the prime factors of 2057262.
2, 3, 199, 1723
What are the prime factors of 4261759?
4261759
What are the prime factors of 23867171?
881, 27091
List the prime factors of 431137.
7, 17, 3623
List the prime factors of 9545272.
2, 11, 31, 3499
List the prime factors of 9812200.
2, 5, 71, 691
List the prime factors of 593832.
2, 3, 109, 227
List the prime factors of 356267.
89, 4003
What are the prime factors of 1428558?
2, 3, 238093
List the prime factors of 4937271.
3, 1645757
What are the prime factors of 54811?
59, 929
What are the prime factors of 4647249?
3, 516361
What are the prime factors of 13240539?
3, 13, 113167
List the prime factors of 5969798.
2, 2984899
What are the prime factors of 13382250?
2, 3, 5, 7, 2549
What are the prime factors of 133924?
2, 7, 4783
What are the prime factors of 4469378?
2, 37, 60397
List the prime factors of 2512747.
2512747
What are the prime factors of 4010175?
3, 5, 13, 457
List the prime factors of 596271.
3, 13, 15289
List the prime factors of 10094251.
31, 59, 5519
What are the prime factors of 16280420?
2, 5, 13, 62617
List the prime factors of 3732199.
307, 12157
List the prime factors of 1672425.
3, 5, 7433
List the prime factors of 844191.
3, 97, 967
List the prime factors of 8082828.
2, 3, 13, 19, 101
What are the prime factors of 31861?
151, 211
List the prime factors of 5652686.
2, 13, 217411
List the prime factors of 462182.
2, 7, 33013
List the prime factors of 1232775.
3, 5, 5479
What are the prime factors of 267093?
3, 59, 503
What are the prime factors of 2210934?
2, 3, 11, 139, 241
List the prime factors of 1104589.
1104589
List the prime factors of 4354027.
4354027
What are the prime factors of 11058303?
3, 3686101
What are the prime factors of 48904?
2, 6113
List the prime factors of 2202200.
2, 5, 7, 11, 13
List the prime factors of 8614811.
23, 374557
What are the prime factors of 849701?
849701
What are the prime factors of 333765?
3, 5, 7417
List the prime factors of 79973.
79973
What are the prime factors of 4521124?
2, 1130281
List the prime factors of 29743474.
2, 19, 782723
What are the prime factors of 113693?
41, 47, 59
What are the prime factors of 422825?
5, 13, 1301
What are the prime factors of 1248064?
2, 19501
List the prime factors of 19034705.
5, 257, 14813
List the prime factors of 1485722.
2, 7, 106123
List the prime factors of 167332.
2, 11, 3803
What are the prime factors of 729698?
2, 23, 29, 547
List the prime factors of 267017.
267017
List the prime factors of 119044.
2, 29761
What are the prime factors of 1438320?
2, 3, 5, 13, 461
What are the prime factors of 8062459?
8062459
List the prime factors of 953956.
2, 71, 3359
What are the prime factors of 344686?
2, 172343
What are the prime factors of 4056586?
2, 2028293
List the prime factors of 3273601.
3273601
What are the prime factors of 1243660?
2, 5, 11, 5653
What are the prime factors of 487241?
191, 2551
List the prime factors of 131971.
7, 17, 1109
What are the prime factors of 1508151?
3, 502717
List the prime factors of 5383834.
2, 2691917
List the prime factors of 1713950.
2, 5, 7, 59, 83
What are the prime factors of 501800?
2, 5, 13, 193
What are the prime factors of 1042356?
2, 3, 7, 12409
What are the prime factors of 453096?
2, 3, 7, 29, 31
What are the prime factors of 5944660?
2, 5, 297233
What are the prime factors of 1283665?
5, 139, 1847
List the prime factors of 7618.
2, 13, 293
What are the prime factors of 6506560?
2, 5, 20333
List the prime factors of 3954141.
3, 439349
What are the prime factors of 595610?
2, 5, 59561
List the prime factors of 29409675.
3, 5, 317, 1237
List the prime factors of 3165082.
2, 1582541
List the prime factors of 110519.
29, 37, 103
List the prime factors of 3775.
5, 151
What are the prime factors of 24657?
3, 8219
List the prime factors of 7211819.
2239, 3221
What are the prime factors of 8460313?
8460313
List the prime factors of 2773131.
3, 307, 3011
What are the prime factors of 8118027?
3, 17, 97, 547
List the prime factors of 3727168.
2, 58237
List the prime factors of 230596.
2, 57649
List the prime factors of 789904.
2, 49369
What are the prime factors of 1102387?
11, 13, 593
What are the prime factors of 15347152?
2, 101, 9497
What are the prime factors of 246276?
2, 3, 6841
What are the prime factors of 505009?
103, 4903
List the prime factors of 4784455.
5, 13, 73607
What are the prime factors of 5877427?
17, 345731
What are the prime factors of 92004?
2, 3, 11, 17, 41
List the prime factors of 239440.
2, 5, 41, 73
List the prime factors of 268429.
7, 31, 1237
List the prime factors of 10481626.
2, 97, 557
List the prime factors of 2831238.
2, 3, 157291
List the prime factors of 456770.
2, 5, 45677
What are the prime factors of 1342263?
3, 13, 127, 271
List the prime factors of 7908505.
5, 11, 143791
What are the prime factors of 231979?
11, 21089
What are the prime factors of 1786745?
5, 357349
List the prime factors of 349017.
3, 317, 367
List the prime factors of 26816215.
5, 5363243
What are the prime factors of 1683124?
2, 420781
What are the prime factors of 1427377?
7, 203911
List the prime factors of 24747.
3, 73, 113
What are the prime factors of 20447399?
7, 2921057
What are the prime factors of 6154091?
1447, 4253
What are the prime factors of 1478304?
2, 3, 29, 59
List the prime factors of 2180951.
607, 3593
What are the prime factors of 38128475?
5, 7, 11, 29, 683
List the prime factors of 79999.
79999
List the prime factors of 414641.
414641
List the prime factors of 32129189.
881, 36469
List the prime factors of 18461606.
2, 9230803
List the prime factors of 347554.
2, 173777
List the prime factors of 123962.
2, 61981
What are the prime factors of 22613641?
3989, 5669
List the prime factors of 8065.
5, 1613
What are the prime factors of 1151071?
197, 5843
What are the prime factors of 5784523?
23, 251501
What are the prime factors of 11401350?
2, 3, 5, 29, 2621
What are the prime factors of 63079?
63079
List the prime factors of 24995.
5, 4999
What are the prime factors of 94314?
2, 3, 11, 1429
List the prime factors of 8558012.
2, 41, 52183
List the prime factors of 4642066.
2, 11, 13, 16231
What are the prime factors of 214615?
5, 42923
List the prime factors of 460624.
2, 28789
What are the prime factors of 40162?
2, 43, 467
List the prime factors of 128937.
3, 42979
List t